 -q**3 + 1. Suppose 0 = -3*w + 4*w + 5. Let m(d) = d + 5. Let p be m(w). Calculate u(p).
1
Let d(q) = q**2. Let h(a) = 2*a**2 - a. Let n(m) = -10*d(m) + 4*h(m). What is n(-3)?
-6
Let g = 20 + -15. Let y(c) = -2 - g*c - 2*c**2 + 0*c + 0 + 3*c**2. Give y(6).
4
Let i(j) be the second derivative of -1/2*j**3 + 0 - 1/12*j**4 + 2*j**2 - 4*j. Give i(-3).
4
Let n(b) = -b + 5. Let w be n(0). Suppose 2*f - 5*o + 12 = -w, o = 3*f - 7. Let q(k) = 3*k**2 - f*k**2 - 5*k**2. Give q(-1).
-6
Let j = -9 - -31/3. Let c(w) be the third derivative of -w**2 + 0*w + j*w**3 + 0 + 1/24*w**4. What is c(0)?
8
Let v(r) = -8 - 3 - r + 0 + 4. Suppose 6 = -3*b - t, -4*t = 2*b + 3*b + 3. Give v(b).
-4
Let f = 1 - -2. Suppose f*w = 12 + 12. Suppose 4*z = c - w, -1 = 5*z - 0*c + c. Let j(x) = -3*x**2 + 2*x + 1. Calculate j(z).
-4
Let h(n) = 3*n - 5. Let q(c) = c. Let a(k) = h(k) + 4*q(k). Let w(g) = -g + 1. Suppose 0 = m + 6. Let x(f) = m*w(f) - a(f). Give x(-1).
0
Let l(a) = a - 1. Let q(y) = 3*y**3 - y**2. Let o be q(-1). Calculate l(o).
-5
Suppose -4*v + 15 = q, 0*v = 2*v - 2*q - 10. Suppose -6*u = -v*p - u - 39, 5*p + 42 = 4*u. Let c(g) = -g - 6. Calculate c(p).
0
Suppose 0 = 5*h - 3*h. Suppose -2*y + 10 + h = 4*j, -6 = -4*j + 2*y. Let l(w) = -4*w**2 + 1 + 0*w - 4*w + j*w. Give l(1).
-5
Let w(j) be the third derivative of -j**4/12 - j**3 - 9*j**2. Give w(-5).
4
Let t(v) = -2*v + 3*v + 5 - 10. Suppose 4 = 2*l - 6. Let f = l + -5. What is t(f)?
-5
Suppose -4*a - 36 = 3*w, 2*a + 30 = -4*w + 2. Let m(f) = 4*f**2 + 5*f + 12. Let h(x) = 5*x**2 + 4*x + 13. Let u(j) = 3*h(j) - 4*m(j). Determine u(a).
3
Let b(h) = -h**3 + 3*h**2 - 2*h + 2. Let t be b(2). Let z be (-40)/(-12) + t/3. Let a(x) = x + 0*x - 3 + 4*x - z*x. What is a(4)?
1
Let v(z) = 34*z + 3*z**3 - 71*z - 12*z**3 - 1 + 35*z - 2*z**2. Calculate v(-1).
8
Let r(l) = 2*l - 5. Let u be r(1). Let g(y) = y**3 + 4*y**2 + y + 2. Determine g(u).
8
Let i be ((-10)/5 - 4)*(1 - 0). Let t(u) = -u**2 - 6*u - 2. Calculate t(i).
-2
Let f be 1/(1 - (-6)/(-10)). Let q(p) be the first derivative of p + 1 - f*p**2 + 1/3*p**3. Give q(4).
-3
Let v = -12 + -2. Let p be 4/(-14) + 10/v. Let h(a) = -10*a - 1. Give h(p).
9
Let i(w) = -19*w - 1. Let b(l) = -l**3 - 4*l**2 + 3*l - 11. Let u be b(-5). Calculate i(u).
18
Let x = -10 - -5. Let h be (-1 - 3)*x/(-4). Let b(i) = 4*i + 6. Let k(s) = 5*s + 6. Let f(u) = 4*b(u) - 3*k(u). Give f(h).
1
Let d(i) = 2*i + 7. Let p(x) = x + 6. Let k(s) = 2*d(s) - 3*p(s). Let c(u) = -u + 5. Let j(b) = -5*c(b) - 6*k(b). Determine j(5).
-6
Let g(v) be the first derivative of -v**2/2 + 3*v + 16. Give g(-5).
8
Let s(w) = -w**2 - 7*w + 1. Suppose 0*l + 9 = -3*l. Let c = l - -5. Suppose 3*n - c = q - 0, q - n = -4. Give s(q).
11
Let l(j) = -2*j. Suppose 2*q + 5*r - 13 = 0, 0 = -0*q + q + 3*r - 6. Let d = -5 + q. Calculate l(d).
-8
Suppose -2*t - 3*c - 11 = -0, -29 = -2*t + 5*c. Suppose 3*q + a = 2*q + 1, 3*q = -a + 7. Let s(w) = 3*w - 3 - w**2 + w - q*w**2 + 3*w**2. Give s(t).
1
Let u(a) = -a**3 - 7*a**2 + 9*a + 11. Let y = 9 + -17. What is u(y)?
3
Let y = 3 - 1. Let h(l) = 5 + 1 + y*l - 5. Suppose -2*f - 3 = f. Give h(f).
-1
Let v(n) = 2*n**3 - 4*n**2 + 2*n + 2. Let j be v(2). Let w(o) = j*o - 3 - 5*o - 2. What is w(4)?
-1
Let i(c) = 13*c**2 + 0*c - 12*c**2 - 4*c + c + 3. Let b(g) = -g**2 - 6*g + 4. Let z be b(-5). Let o = z - 6. Give i(o).
3
Let w(o) = -o**3 - 9*o**2 - o - 4. Let j be 2*1*(-18)/4. Let g be w(j). Let m(c) = -g*c**3 - 4*c**3 + c + 3*c**3 + 0*c. Determine m(-1).
5
Let i(g) be the third derivative of -g**4/8 - g**3/3 - g**2. Let d(m) = -m**2 + 5*m - 4. Let s be d(4). Suppose s = -3*c - 3*z, 8*z + 15 = 3*z. Give i(c).
-11
Let s(a) be the second derivative of -a**6/24 + 3*a**2/2 + 2*a. Let u(z) be the first derivative of s(z). Determine u(-1).
5
Let x(v) be the first derivative of -v**3/3 + 3*v**2/2 + 7*v - 2. Calculate x(5).
-3
Let o(j) = -j**2 + j + 5. Let z be o(0). Let d(a) be the second derivative of -2*a + 0 + 7/2*a**2 - 1/6*a**3. What is d(z)?
2
Let q = -161 - -157. Let u(l) = -l - 2. Give u(q).
2
Let p(m) = -2 + 5 - 2 - m - 2. Let b be p(-3). Suppose 0*a + a = b. Let g(u) = -2*u**3 + 2*u**2 + 1. Calculate g(a).
-7
Suppose g = -3 + 5. Let y = 9 - 6. Let z(f) = -f + y*f + 1 - g*f - 3*f. What is z(2)?
-5
Let t(i) = -i**2 - 7*i - 1. Suppose 3*g + 13 = -2. Give t(g).
9
Suppose 0*t - t = -7. Let n(m) = 2 - 3 + 7 - t + 2*m + m**2. Give n(-4).
7
Let a(t) = -2*t + t + 2*t + 1 - 6*t**2. Let x(d) = 25*d**2 - 5*d - 4. Let f(i) = -9*a(i) - 2*x(i). Calculate f(1).
4
Let i(g) = 2 + 0 - 5 - g. What is i(-4)?
1
Suppose q - 15 = -4*m, -m + 5 = -4*q - 3. Let r = m - 2. Let t(a) = -3*a**3 + 2 + 1 - 4*a**r + 3*a + 4*a**3. Calculate t(3).
3
Let i be 2*1*2/4. Let g(y) = -1 - 2*y + y**3 + y**2 - 2 + i. Suppose 4*t = -3*h - 14, 0 = 2*h + 2*t - 1 + 9. Determine g(h).
-2
Let c(m) = -m**3 - 6*m**2 - 4*m - 2. Suppose 0*o = 5*o + 25. Give c(o).
-7
Suppose 0 = z - 3*p + 5, 4*z - 2 - 4 = -p. Let k(h) = z + h**3 - 5*h - 3*h**2 + 5 + 10*h**2 - 2*h**2. Determine k(-6).
0
Let u = -24 - -25. Let k(p) = -p. Calculate k(u).
-1
Let d = -1 - 0. Let m = d + 4. Let t(g) = 3*g + g + m - 3*g. Calculate t(0).
3
Let o(c) = -2*c**2 + c - 2. Let q be 36/21 + 8/28. Determine o(q).
-8
Suppose 20 = 4*z - 0*z. Let x(r) = r**2 - 2*r + 1. Calculate x(z).
16
Let q(h) = h. Suppose -2 = -2*b + b. Let p be 8*((-1)/b)/(-1). What is q(p)?
4
Let a(d) = 2*d - 5*d**2 - 7*d - 2*d**2 - 7 - d**3 - 3*d. Give a(-5).
-17
Let x(k) = -10*k + 23. Suppose 2*y + 11 = 1. Let i(a) = -7*a + 15. Let r(v) = y*x(v) + 7*i(v). What is r(5)?
-5
Let j(u) = u**3 + 2*u**2 - 5*u - 2. Let f be j(-3). Let w(i) be the third derivative of i**4/24 - i**3/2 - 3*i**2. Determine w(f).
1
Let y = 4 + 1. Suppose 3*s = y*s. Let a(j) be the second derivative of -j**5/20 - j**4/12 - j**2 - 7*j. Determine a(s).
-2
Let d(n) = -3*n**2 - 4*n + 1. Let c(q) = 10*q**2 + 11*q - 2. Let p(i) = 2*c(i) + 7*d(i). Suppose -5*r + 8*r + m = -18, 0 = -5*r - 3*m - 26. Give p(r).
-4
Suppose 2 - 7 = g. Let d(s) = 0 + 2 - s - 4 - 3. Calculate d(g).
0
Let m = 13 - 17. Let a(z) = -6*z**2 - 6*z + 2. Let d(u) = -5*u**2 - 6*u + 1. Let n(c) = m*a(c) + 5*d(c). Determine n(-4).
5
Suppose 7*y = 2*y. Let c(i) = 0*i**2 - i**2 + y*i**2 + 3 - i. What is c(-3)?
-3
Let a(c) = -3*c - 25 - 28 + 46. What is a(-5)?
8
Let r(o) = o - 1. Let c(u) = -u**3 + 6*u**2 - 2*u - 5. Let k(p) = -p**2 - p. Let x(t) = -c(t) - 5*k(t). Let j(v) = -6*r(v) + x(v). Give j(0).
11
Let r(q) be the second derivative of -3*q**3/2 + q**2/2 + 7*q. Determine r(1).
-8
Let w(f) = f + 5. Let b be w(0). Let l(i) = -3*i**2 - 3*i + 4. Let g(h) = -h**3 + h**2 + h - 1. Let z(q) = -g(q) + l(q). Give z(b).
10
Let y(t) = -2*t**3 + 2*t**2. Let a(k) = -k**2 + 4*k + 7. Let n be 2*2 + -2 + 0. Suppose -4 = 2*x, 7*x = 2*v + n*x - 20. Let w be a(v). Calculate y(w).
-8
Let h(o) = 13*o. Let u(y) = 3*y. Let b(a) = 4*h(a) - 18*u(a). Let n(s) = s**2 + 11*s + 11. Let d be n(-10). What is b(d)?
-2
Let t(w) be the second derivative of w**5/20 + w**4/2 + 2*w**3/3 - 2*w**2 + 19*w. Give t(-5).
1
Let y(t) be the first derivative of -t - 6 + 1/3*t**3 + 5/2*t**2. Determine y(-4).
-5
Let z(k) = k**2 - 2*k + 2. Let t be 4 - (-4)/(-2) - -1. Let g be z(t). Let d(m) = -m + 10. Determine d(g).
5
Suppose x + 2*y = 3*y + 2, 5*y - 14 = -x. Let b(j) be the third derivative of 1/10*j**5 - 2*j**2 + 1/6*j**x + 0 + 0*j + 7/6*j**3 + 1/120*j**6. What is b(-5)?
12
Let p be (-76)/(-10) - 6/(-15). Let c(h) = -p*h - 7*h**2 + 1 + 8*h + 0. Calculate c(1).
-6
Let p(z) = z**2 + 9*z + 9. Let g(s) = -3*s + 8. Let f be g(4). Let t be (f - 0) + -10 + 8. Give p(t).
-9
Let y(j) = j - 3. Let n = 0 - -3. Determine y(n).
0
Let w(x) = 2*x + 4. Suppose 0 = v - 0*v + 3. Calculate w(v).
-2
Let k(c) be the third derivative of -c**2 - 1/2*c**3 + 0 - 3/8*c**4 + 0*c. Let p(h) = 28*h + 10. Let y(n) = -7*k(n) - 2*p(n). Give y(-1).
-6
Suppose -3*k = -2*g - 25, 7*k - 30 = g + 2*k. Let t(c) = c**2 + 4*c - 7. Determine t(g).
-2
Let p(g) = -5*g. Let j = -5 + -1. Let o(k) = -14*k. Let z(y) = j*o(y) + 17*p(y). Calculate z(-5).
5
Let h(g) = -3*g - 6. Let u(y) = y**3 + 6*y**2 - 4. Let j be u(-6). Let o be h(j). Let d(n) = -2*n + 9. Calculate d(o).
-3
Let s(r) = 2*r. Let h be s(-6). Let w = 19 + h. Let x(g) = w*g - 10*g - 4 + 0*g. What is x(-4)?
8